4
Convert -435 (base 8) to base 4.
-10131
Convert -532 (base 8) to base 10.
-346
Convert -59 (base 16) to base 13.
-6b
125 (base 14) to base 16
e5
Convert 189 (base 15) to base 11.
2a2
3db (base 15) to base 7
2366
Convert -8506 (base 9) to base 6.
-44523
246 (base 14) to base 16
1c6
What is 10 (base 11) in base 2?
1011
Convert 10032300 (base 4) to base 3.
212202210
What is 2012021 (base 3) in base 15?
71a
-32102 (base 8) to base 4
-3101002
376 (base 8) to base 13
167
What is 8026 (base 9) in base 5?
141411
What is -131b (base 13) in base 11?
-2060
649 (base 14) to base 3
1200222
Convert -213 (base 6) to base 11.
-74
-2121120 (base 3) to base 15
-870
What is 1475 (base 16) in base 12?
3045
10450 (base 8) to base 12
2660
-21555 (base 7) to base 15
-1920
Convert -10110011101 (base 2) to base 14.
-749
What is -33999 (base 11) in base 7?
-263121
What is -71a (base 11) in base 2?
-1101100100
1022 (base 9) to base 16
2ed
What is -320121 (base 5) in base 2?
-10100110100101
Convert a30 (base 14) to base 13.
bb0
-10001010100110 (base 2) to base 3
-110011112
What is 12120 (base 3) in base 2?
10010110
Convert -211144 (base 6) to base 8.
-41350
Convert -373 (base 12) to base 11.
-432
What is -12017 (base 8) in base 4?
-1100033
Convert -10100101011001 (base 2) to base 8.
-24531
What is -393 (base 11) in base 15?
-210
1a99 (base 11) to base 13
128a
Convert -3040203 (base 5) to base 12.
-24730
-111010000 (base 2) to base 13
-299
Convert 2011000202 (base 3) to base 10.
42302
188 (base 11) to base 12
161
Convert -6039 (base 10) to base 16.
-1797
-1530 (base 8) to base 10
-856
152321 (base 7) to base 8
71734
What is 1664 (base 14) in base 13?
1a94
Convert 10301 (base 7) to base 9.
3442
-1000200201 (base 3) to base 15
-5ead
-286 (base 15) to base 4
-21000
Convert 1c62 (base 15) to base 6.
44315
What is 20012001 (base 3) in base 16?
119e
What is -106 (base 15) in base 2?
-11100111
Convert -202122 (base 3) to base 11.
-467
Convert -4440 (base 7) to base 9.
-2163
Convert c (base 14) to base 4.
30
Convert -5235 (base 6) to base 12.
-81b
6266 (base 7) to base 16
89c
Convert 1b9 (base 15) to base 6.
1503
What is -23211 (base 6) in base 4?
-303313
Convert -968 (base 10) to base 3.
-1022212
Convert 16a8 (base 16) to base 15.
1aba
What is 5152 (base 16) in base 15?
627d
-9a5 (base 11) to base 8
-2264
-221002100 (base 3) to base 9
-27070
-43517 (base 9) to base 11
-1a74a
What is -3403 (base 7) in base 10?
-1228
Convert 222501 (base 7) to base 16.
99b4
-673 (base 13) to base 12
-784
211 (base 5) to base 6
132
-35e (base 15) to base 12
-538
Convert 13141 (base 6) to base 8.
3725
Convert -21104 (base 6) to base 12.
-1794
What is -c9 (base 16) in base 8?
-311
What is -7b0 (base 13) in base 8?
-2456
What is -4400 (base 5) in base 13?
-372
What is -99c (base 15) in base 11?
-16a5
Convert -1001131 (base 4) to base 6.
-31221
What is -278 (base 15) in base 5?
-4223
What is 1e56 (base 15) in base 3?
100001200
What is -1001100 (base 3) in base 5?
-11030
Convert -2a0a (base 15) to base 3.
-110100201
1454c (base 14) to base 4
30110020
Convert 6a4 (base 16) to base 7.
4646
What is -41413 (base 5) in base 11?
-2065
39ed (base 16) to base 11
10161
Convert -36b (base 14) to base 10.
-683
What is 12133100 (base 4) in base 14?
9984
-1032430 (base 5) to base 6
-214413
-acb (base 14) to base 12
-12a3
Convert -96 (base 13) to base 8.
-173
Convert -12220331 (base 4) to base 7.
-142202
What is -3f7 (base 16) in base 3?
-1101121
What is 3a47 (base 13) in base 3?
102102220
What is -2055 (base 8) in base 6?
-4541
Convert 15306 (base 8) to base 12.
3b72
Convert -17d6 (base 15) to base 9.
-7053
Convert -517 (base 10) to base 6.
-2221
What is 111330 (base 4) in base 7?
4044
What is 47bf (base 16) in base 12?
a767
What is 100000101101 (base 2) in base 7?
6050
What is 1234 (base 7) in base 8?
722
-6d73 (base 15) to base 2
-101101011110011
What is 11472 (base 8) in base 6?
34442
85878 (base 9) to base 12
28a98
What is 1121102212 (base 3) in base 15?
95b2
-5553 (base 9) to base 2
-1000000000010
-4505 (base 6) to base 13
-629
-152 (base 9) to base 11
-107
Convert 220222 (base 5) to base 9.
11332
Convert 10305 (base 6) to base 2.
10110000001
Convert 2110 (base 12) to base 4.
320130
What is -103 (base 16) in base 12?
-197
What is 1000010111 (base 2) in base 8?
1027
448 (base 9) to base 14
1c4
What is 111021 (base 4) in base 9?
1763
What is -2440 (base 6) in base 7?
-1515
91a (base 11) to base 7
3144
9a99 (base 11) to base 10
13297
Convert -c4c (base 16) to base 2.
-110001001100
Convert 242 (base 9) to base 5.
1300
Convert 226a (base 11) to base 9.
4071
Convert 869 (base 10) to base 4.
31211
1a00 (base 12) to base 13
1599
Convert 353120 (base 6) to base 2.
111011100101000
Convert 1014 (base 15) to base 3.
11122201
What is -120 (base 13) in base 12?
-143
What is 403 (base 8) in base 2?
100000011
Convert 22202220 (base 3) to base 4.
1203330
What is 53060 (base 7) in base 16?
3314
Convert 1252 (base 12) to base 6.
13342
222220 (base 3) to base 7
2055
-64 (base 7) to base 11
-42
What is 4031 (base 5) in base 15?
246
What is 836 (base 14) in base 11?
123a
What is -1d4 (base 16) in base 9?
-570
Convert 29185 (base 10) to base 2.
111001000000001
What is 2100201 (base 3) in base 12?
bb4
What is -14436 (base 9) in base 13?
-4626
Convert -1001010000001 (base 2) to base 10.
-4737
What is 832 (base 10) in base 15?
3a7
Convert -ea (base 15) to base 12.
-164
-32301 (base 4) to base 12
-669
Convert -200400 (base 5) to base 16.
-18ce
What is -30152 (base 6) in base 7?
-14351
-c06 (base 15) to base 9
-3636
Convert 1010343 (base 5) to base 2.
11111111011100
2111 (base 6) to base 9
577
What is -14044 (base 5) in base 9?
-1516
27e9 (base 16) to base 14
3a1b
Convert -212 (base 3) to base 5.
-43
-19a (base 12) to base 5
-2022
What is a45 (base 11) in base 9?
1648
64603 (base 8) to base 2
110100110000011
Convert -247 (base 12) to base 7.
-1000
-697 (base 14) to base 2
-10100011101
Convert -2712 (base 9) to base 5.
-31121
What is -2ff1 (base 16) in base 15?
-3983
11010001001100 (base 2) to base 13
612b
What is -1125 (base 11) in base 15?
-689
3819 (base 11) to base 5
124411
Convert -140344 (base 5) to base 8.
-13134
15225 (base 9) to base 8
24227
-100110001100 (base 2) to base 5
-34234
11020301 (base 4) to base 3
1001212022
Convert 1012 (base 10) to base 11.
840
-485a (base 14) to base 7
-51543
Convert 32466 (base 8) to base 9.
20615
What is -4547 (base 9) in base 13?
-16ba
What is -7045 (base 8) in base 4?
-320211
5009 (base 13) to base 9
16065
What is -566 (base 7) in base 3?
-101212
What is -15d (base 15) in base 11?
-265
Convert -769 (base 10) to base 11.
-63a
Convert 214 (base 6) to base 9.
101
Convert -443 (base 13) to base 6.
-3215
What is 472 (base 10) in base 14?
25a
-523305 (base 6) to base 8
-122371
What is 1201201 (base 3) in base 12?
891
What is -110100111 (base 2) in base 8?
-647
-4743 (base 10) to base 2
-1001010000111
-232120 (base 4) to base 14
-1120
What is 10c37 (base 13) in base 16?
77ab
What is 3125 (base 8) in base 2?
11001010101
What is -305 (base 9) in base 4?
-3320
What is 552 (base 9) in base 4?
13010
What is 513 (base 9) in base 5?
3132
8d10 (base 14) to base 12
1222a
-122508 (base 9) to base 5
-4332132
201b2 (base 12) to base 2
1010001100010110
What is 191c (base 14) in base 8?
10666
-14155 (base 7) to base 13
-19b1
What is 2012200 (base 3) in base 2?
11001001011
606 (base 7) to base 14
176
-111212212 (base 3) to base 15
-2eeb
-d31 (base 15) to base 6
-21431
What is -111101000000010 (base 2) in base 8?
-75002
2017 (base 14) to base 16
1585
Convert -9395 (base 10) to base 4.
-2102303
Convert -3157 (base 9) to base 14.
-bba
-11005 (base 7) to base 14
-1005
32650 (base 8) to base 16
35a8
30215 (base 9) to base 14
7347
Convert -15200 (base 7) to base 3.
-12210002
-22735 (base 8) to base 11
-7312
Convert -25980 (base 11) to base 6.
-443454
What is 4726 (base 12) in base 7?
32115
What is -1121000 (base 6) in base 15?
-11e60
What is 210 (base 8) in base 6?
344
Convert -b0 (base 13) to base 4.
-2033
-296 (base 16) to base 10
-662
3f6 (base 16) to base 9
1346
What is -330232 (base 4) in base 14?
-15b8
What is -15661 (base 9) in base 13?
-4b79
Convert -a591 (base 16) to base 5.
-2324020
-24055 (base 6) to base 